{"id":189,"date":"2017-02-21T14:13:34","date_gmt":"2017-02-21T14:13:34","guid":{"rendered":"http:\/\/koolituskeskusabc.eu\/?page_id=189"},"modified":"2017-02-21T14:13:34","modified_gmt":"2017-02-21T14:13:34","slug":"tulekahjuoppuse-labiviimine","status":"publish","type":"page","link":"http:\/\/koolituskeskusabc.eu\/index.php\/tuleohutuskoolitused\/tulekahjuoppuse-labiviimine\/","title":{"rendered":"Tulekahju\u00f5ppuse l\u00e4biviimine"},"content":{"rendered":"<p>Tuleohutuse seadus \u00a7 6 l\u00f5ige 3 kohustab tuleohutusaruande esitamise kohustusega asutuse omanikku korraldama \u00fcks kord aastas \u201eEvakuatsiooni ja tulekahju korral tegutsemise \u00f5ppuse\u201c.<\/p>\n<p>T\u00e4psemad \u201eEvakuatsiooni ja tulekahju korral tegutsemise \u00f5ppuse\u201c koostamise n\u00f5uded on s\u00e4testatud Siseministri m\u00e4\u00e4rusest nr.43 \u201eTulekahju korral tegutsemise plaanile ning evakuatsiooni ja tulekahju korral tegutsemise \u00f5ppuse korraldamisele esitatavad n\u00f5uded\u201c.<\/p>\n<p><em>Tulekahju\u00f5ppusele esitatavad n\u00f5uded<\/em><\/p>\n<ul>\n<li>Tulekahju\u00f5ppuse eesm\u00e4rk on tagada teadmised ja oskused evakuatsiooni ja tulekahju korral ning tuvastada:\n<ul>\n<li>\u00a0plaani vastavus eesm\u00e4rgile;<\/li>\n<li>\u00a0t\u00f6\u00f6tajate oskus tulekahju korral \u00f5igesti tegutseda.<\/li>\n<\/ul>\n<\/li>\n<li>Tuleohutusaruande esitamise kohustusega ettev\u00f5ttes v\u00f5i asutuses viiakse v\u00e4hemalt \u00fcks kord aastas l\u00e4bi tulekahju\u00f5ppus.<\/li>\n<li>Tulekahju\u00f5ppuse korraldamine on ettev\u00f5tte v\u00f5i asutuse juhi v\u00f5i tema poolt m\u00e4\u00e4ratud isiku kohustus.<\/li>\n<li>Mitme ettev\u00f5tte v\u00f5i asutuse asumisel \u00fches ehitises korraldatakse tulekahju\u00f5ppuse \u00fchiselt.<\/li>\n<\/ul>\n<p><em>Tulekahju\u00f5ppuse legend<\/em><\/p>\n<p>Tulekahju\u00f5ppuse l\u00e4biviimiseks t\u00f6\u00f6tatakse v\u00e4lja \u00f5ppuse legend, milleks on \u00fche v\u00f5imaliku tulekahju stsenaariumi toimumine ettev\u00f5ttes v\u00f5i asutuses.<\/p>\n<ul>\n<li>Tulekahju\u00f5ppuse legendi koostamisel m\u00e4\u00e4ratakse:\n<ul>\n<li>tulekahju stsenaarium, sealhulgas tulekahju tekkekoht ja leviku ulatus;<\/li>\n<li>millist osa plaanist \u00f5ppuse k\u00e4igus harjutatakse;<\/li>\n<li>milliseid isikuid teavitatakse eelnevalt \u00f5ppuse korraldamisest.<\/li>\n<\/ul>\n<\/li>\n<li>Tulekahju\u00f5ppusel osalevad k\u00f5ik t\u00f6\u00f6tajad. T\u00f6\u00f6tajale, kellel ei ole v\u00f5imalik osaleda tulekahju\u00f5ppusel selleks etten\u00e4htud ajal, korraldatakse kordusena kas tulekahju\u00f5ppus selle v\u00f5imalikus ulatuses v\u00f5i viiakse l\u00e4bi nende t\u00f6\u00f6kohale ja ametile vastav juhendamine, mille raames korratakse \u00fcle nende \u00fclesanded tulekahju korral tegutsemisel ning tutvustatakse l\u00e4biviidud tulekahju\u00f5ppust.<\/li>\n<li>Kui tulekahju\u00f5ppusele soovitakse kaasata p\u00e4\u00e4stekeskus, tuleb \u00f5ppuse korraldamine p\u00e4\u00e4stekeskusega eelnevalt koosk\u00f5lastada.<\/li>\n<li>Kui tulekahju\u00f5ppusele soovitakse kaasata H\u00e4irekeskus, tuleb \u00f5ppuse korraldamine eelnevalt H\u00e4irekeskusega koosk\u00f5lastada.<\/li>\n<\/ul>\n<p><em>Tulekahju\u00f5ppuse korraldus<\/em><\/p>\n<p>Tulekahju\u00f5ppus koosneb teoreetilisest ja praktilisest osast.<\/p>\n<ul>\n<li>Teoreetiline osa seisneb t\u00f6\u00f6tajate informeerimises tulekahju\u00f5ppuse korraldusest ja t\u00e4iendavast tuleohutusalasest juhendamisest, mille k\u00e4igus tutvustatakse t\u00f6\u00f6tajatele tuleohutusalaseid teemasid vastavalt Siseministri m\u00e4\u00e4ruse nr. 43 lisa 2 j\u00e4rgi.<\/li>\n<li>Praktiline osa seisneb tulekahju olukorra simulatsioonis ning praktiliste tegevuste harjutuses selle v\u00f5imalikus ulatuses.<\/li>\n<\/ul>\n<p><em>Tulekahju\u00f5ppuse kirjalik kokkuv\u00f5te<\/em><\/p>\n<ul>\n<li>Tulekahju\u00f5ppuse kohta koostatakse \u00f5ppuse j\u00e4rgselt \u00fche kalendrikuu jooksul kirjalik kokkuv\u00f5te, milles k\u00e4sitletakse:\n<ul>\n<li>\u00f5ppuse l\u00e4biviimisega seotud faktilisi andmeid;<\/li>\n<li>tuvastatud asjaolusid;<\/li>\n<li>eesm\u00e4rkide t\u00e4itmist;<\/li>\n<li>ettepanekuid tuleohutuskorralduse muutmiseks v\u00f5i t\u00e4iendamiseks.<\/li>\n<\/ul>\n<\/li>\n<li>Kokkuv\u00f5tte koostamisel tuginetakse plaanile, tulekahju\u00f5ppuse legendile ning osalenud isikute poolt esitatud m\u00e4rkustele.<\/li>\n<li>Kokkuv\u00f5ttes on fikseeritud tulekahju\u00f5ppuse k\u00e4igus ilmnenud plaani puudused ning meetmed nende likvideerimiseks.<\/li>\n<li>Tulekahju\u00f5ppuse kirjalik kokkuv\u00f5te tehakse p\u00e4rast selle valmimist \u00fche kalendrikuu jooksul teatavaks t\u00f6\u00f6tajatele. Tulekahju\u00f5ppuse kokkuv\u00f5ttega v\u00f5imaldatakse tutvuda selles osalenud isikutel.<\/li>\n<li>Tulekahju\u00f5ppuse kirjalik kokkuv\u00f5te s\u00e4ilitatakse ettev\u00f5ttes v\u00f5i asutuses v\u00e4hemalt viis aastat.<\/li>\n<\/ul>\n","protected":false},"excerpt":{"rendered":"<p>Tuleohutuse seadus \u00a7 6 l\u00f5ige 3 kohustab tuleohutusaruande esitamise kohustusega asutuse omanikku korraldama \u00fcks kord aastas \u201eEvakuatsiooni ja tulekahju korral tegutsemise \u00f5ppuse\u201c. T\u00e4psemad \u201eEvakuatsiooni ja tulekahju korral tegutsemise \u00f5ppuse\u201c koostamise n\u00f5uded on s\u00e4testatud Siseministri m\u00e4\u00e4rusest nr.43 \u201eTulekahju korral tegutsemise plaanile ning evakuatsiooni ja tulekahju korral tegutsemise \u00f5ppuse korraldamisele esitatavad n\u00f5uded\u201c. Tulekahju\u00f5ppusele esitatavad n\u00f5uded Tulekahju\u00f5ppuse eesm\u00e4rk &hellip; <\/p>\n<p class=\"link-more\"><a href=\"http:\/\/koolituskeskusabc.eu\/index.php\/tuleohutuskoolitused\/tulekahjuoppuse-labiviimine\/\" class=\"more-link\">Loe edasi<span class=\"screen-reader-text\"> &#8220;Tulekahju\u00f5ppuse l\u00e4biviimine&#8221;<\/span><\/a><\/p>\n","protected":false},"author":1,"featured_media":0,"parent":89,"menu_order":0,"comment_status":"closed","ping_status":"closed","template":"","meta":[],"_links":{"self":[{"href":"http:\/\/koolituskeskusabc.eu\/index.php\/wp-json\/wp\/v2\/pages\/189"}],"collection":[{"href":"http:\/\/koolituskeskusabc.eu\/index.php\/wp-json\/wp\/v2\/pages"}],"about":[{"href":"http:\/\/koolituskeskusabc.eu\/index.php\/wp-json\/wp\/v2\/types\/page"}],"author":[{"embeddable":true,"href":"http:\/\/koolituskeskusabc.eu\/index.php\/wp-json\/wp\/v2\/users\/1"}],"replies":[{"embeddable":true,"href":"http:\/\/koolituskeskusabc.eu\/index.php\/wp-json\/wp\/v2\/comments?post=189"}],"version-history":[{"count":1,"href":"http:\/\/koolituskeskusabc.eu\/index.php\/wp-json\/wp\/v2\/pages\/189\/revisions"}],"predecessor-version":[{"id":190,"href":"http:\/\/koolituskeskusabc.eu\/index.php\/wp-json\/wp\/v2\/pages\/189\/revisions\/190"}],"up":[{"embeddable":true,"href":"http:\/\/koolituskeskusabc.eu\/index.php\/wp-json\/wp\/v2\/pages\/89"}],"wp:attachment":[{"href":"http:\/\/koolituskeskusabc.eu\/index.php\/wp-json\/wp\/v2\/media?parent=189"}],"curies":[{"name":"wp","href":"https:\/\/api.w.org\/{rel}","templated":true}]}}