{"id":201,"date":"2017-03-14T08:42:40","date_gmt":"2017-03-14T08:42:40","guid":{"rendered":"http:\/\/koolituskeskusabc.eu\/?page_id=201"},"modified":"2017-03-14T08:44:08","modified_gmt":"2017-03-14T08:44:08","slug":"vabatahtliku-paastja-i-astme-koolitus-maht-16h","status":"publish","type":"page","link":"http:\/\/koolituskeskusabc.eu\/index.php\/koolitused\/vabatahtliku-paastja-i-astme-koolitus-maht-16h\/","title":{"rendered":"Vabatahtliku p\u00e4\u00e4stja I astme koolitus (maht 16h)"},"content":{"rendered":"<p>Koolitusel l\u00e4bitavad teemad:<\/p>\n<ul>\n<li>P\u00e4\u00e4stealasel ennetust\u00f6\u00f6l iseseisvalt osalemine;<\/li>\n<li>P\u00e4\u00e4steametniku korraldusel ja koos temaga p\u00e4\u00e4stet\u00f6\u00f6del osalemine;<\/li>\n<li>P\u00e4\u00e4steasutuse \u00fclesanded ja vastutusala;<\/li>\n<li>Esmaste \u00a0tulekustutusvahendite kasutamine;<\/li>\n<li>Erinevatel \u00f5nnetustel abij\u00f5una osalemise v\u00f5imalused.<\/li>\n<\/ul>\n","protected":false},"excerpt":{"rendered":"<p>Koolitusel l\u00e4bitavad teemad: P\u00e4\u00e4stealasel ennetust\u00f6\u00f6l iseseisvalt osalemine; P\u00e4\u00e4steametniku korraldusel ja koos temaga p\u00e4\u00e4stet\u00f6\u00f6del osalemine; P\u00e4\u00e4steasutuse \u00fclesanded ja vastutusala; Esmaste \u00a0tulekustutusvahendite kasutamine; Erinevatel \u00f5nnetustel abij\u00f5una osalemise v\u00f5imalused.<\/p>\n","protected":false},"author":1,"featured_media":0,"parent":106,"menu_order":0,"comment_status":"closed","ping_status":"closed","template":"","meta":[],"_links":{"self":[{"href":"http:\/\/koolituskeskusabc.eu\/index.php\/wp-json\/wp\/v2\/pages\/201"}],"collection":[{"href":"http:\/\/koolituskeskusabc.eu\/index.php\/wp-json\/wp\/v2\/pages"}],"about":[{"href":"http:\/\/koolituskeskusabc.eu\/index.php\/wp-json\/wp\/v2\/types\/page"}],"author":[{"embeddable":true,"href":"http:\/\/koolituskeskusabc.eu\/index.php\/wp-json\/wp\/v2\/users\/1"}],"replies":[{"embeddable":true,"href":"http:\/\/koolituskeskusabc.eu\/index.php\/wp-json\/wp\/v2\/comments?post=201"}],"version-history":[{"count":1,"href":"http:\/\/koolituskeskusabc.eu\/index.php\/wp-json\/wp\/v2\/pages\/201\/revisions"}],"predecessor-version":[{"id":202,"href":"http:\/\/koolituskeskusabc.eu\/index.php\/wp-json\/wp\/v2\/pages\/201\/revisions\/202"}],"up":[{"embeddable":true,"href":"http:\/\/koolituskeskusabc.eu\/index.php\/wp-json\/wp\/v2\/pages\/106"}],"wp:attachment":[{"href":"http:\/\/koolituskeskusabc.eu\/index.php\/wp-json\/wp\/v2\/media?parent=201"}],"curies":[{"name":"wp","href":"https:\/\/api.w.org\/{rel}","templated":true}]}}