{"id":89,"date":"2017-02-13T17:51:47","date_gmt":"2017-02-13T17:51:47","guid":{"rendered":"http:\/\/koolituskeskusabc.eu\/?page_id=89"},"modified":"2017-02-21T14:17:24","modified_gmt":"2017-02-21T14:17:24","slug":"tuleohutuskoolitused","status":"publish","type":"page","link":"https:\/\/koolituskeskusabc.eu\/index.php\/tuleohutuskoolitused\/","title":{"rendered":"Tuleohutuskoolitused"},"content":{"rendered":"<p><a href=\"http:\/\/koolituskeskusabc.eu\/index.php\/tuleohutuskoolitused\/tuleohutuse-eest-vastutava-isiku-koolitus\/\">Tuleohutuse eest vastutava isiku koolitus<\/a><\/p>\n<p><a href=\"http:\/\/koolituskeskusabc.eu\/index.php\/tuleohutuskoolitused\/evakuatsiooni-eest-vastutava-isiku-koolitus\/\">Evakuatsiooni eest vastutava isiku koolitus<\/a><\/p>\n<p><a href=\"http:\/\/koolituskeskusabc.eu\/index.php\/tuleohutuskoolitused\/tulekahjuoppuse-teoreetilise-osa-koolitus\/\">Tulekahju\u00f5ppuse teoreetilise osa koolitus<\/a><\/p>\n<p><a href=\"http:\/\/koolituskeskusabc.eu\/index.php\/tuleohutuskoolitused\/praktiline-tulekustutusharjutus\/\">Praktiline tulekustutusharjutus <\/a><\/p>\n<p><a href=\"http:\/\/koolituskeskusabc.eu\/index.php\/tuleohutuskoolitused\/tulekahjuoppuse-labiviimine\/\">Tulekahju\u00f5ppuse l\u00e4biviimine<\/a><\/p>\n","protected":false},"excerpt":{"rendered":"<p>Tuleohutuse eest vastutava isiku koolitus Evakuatsiooni eest vastutava isiku koolitus Tulekahju\u00f5ppuse teoreetilise osa koolitus Praktiline tulekustutusharjutus Tulekahju\u00f5ppuse l\u00e4biviimine<\/p>\n","protected":false},"author":1,"featured_media":0,"parent":0,"menu_order":0,"comment_status":"closed","ping_status":"closed","template":"","meta":[],"_links":{"self":[{"href":"https:\/\/koolituskeskusabc.eu\/index.php\/wp-json\/wp\/v2\/pages\/89"}],"collection":[{"href":"https:\/\/koolituskeskusabc.eu\/index.php\/wp-json\/wp\/v2\/pages"}],"about":[{"href":"https:\/\/koolituskeskusabc.eu\/index.php\/wp-json\/wp\/v2\/types\/page"}],"author":[{"embeddable":true,"href":"https:\/\/koolituskeskusabc.eu\/index.php\/wp-json\/wp\/v2\/users\/1"}],"replies":[{"embeddable":true,"href":"https:\/\/koolituskeskusabc.eu\/index.php\/wp-json\/wp\/v2\/comments?post=89"}],"version-history":[{"count":5,"href":"https:\/\/koolituskeskusabc.eu\/index.php\/wp-json\/wp\/v2\/pages\/89\/revisions"}],"predecessor-version":[{"id":193,"href":"https:\/\/koolituskeskusabc.eu\/index.php\/wp-json\/wp\/v2\/pages\/89\/revisions\/193"}],"wp:attachment":[{"href":"https:\/\/koolituskeskusabc.eu\/index.php\/wp-json\/wp\/v2\/media?parent=89"}],"curies":[{"name":"wp","href":"https:\/\/api.w.org\/{rel}","templated":true}]}}